 Let j(r) be the first derivative of 2*r**3/3 - 3*r**2/2 - 2*r + 2. Determine j(t).
7
Suppose -3*r + 8 = -2*q, -2*q + 3*r = -r + 12. Suppose -1 - 9 = -q*p. Let w(h) be the second derivative of h**4/12 - h**3/2 - 7*h**2/2 + h. Determine w(p).
3
Suppose -6*v + 3*v + 5*l + 29 = 0, l + 4 = 0. Let h = 1 - -1. Let w(y) = -2*y**2 + 2*y**2 - h + y**2 - 2*y**2. Give w(v).
-11
Let v = -9 + 19. Suppose 0 = 2*y + 4*g + 16, 0 = -3*y + g + g + 16. Suppose y*n + v = -3*n. Let h(k) = 2*k**2 + 2. Calculate h(n).
10
Let p(c) = c + 7. Suppose g - 31 = 5*i + 3, -2 = -i - 2*g. Calculate p(i).
1
Let q(i) = i**3 - 2 - i - 2*i + 7*i**2 + 3*i. Give q(-7).
-2
Let w(o) = 6*o - 1. Let t(a) = 17*a - 4. Let y(x) = 2*t(x) - 7*w(x). Suppose -3*m = 3*q - m + 10, -2*m = -3*q - 2. Let f = q + 1. Determine y(f).
7
Suppose 2*l - 12 = 4. Let s = -4 + l. Let u(w) = -w + 8. What is u(s)?
4
Let v(i) be the third derivative of -i**6/120 - i**5/20 - i**4/12 + 2*i**3/3 + 10*i**2. Determine v(-3).
10
Let t = 3 + -3. Let c = t - 3. Let u(r) = r - 1. Determine u(c).
-4
Let c(j) = 22*j**3 - 3*j**2 - 3*j - 4. Let m(h) = -21*h**3 + 2*h**2 + 2*h + 3. Let f(d) = -3*c(d) - 4*m(d). What is f(-1)?
-18
Let j be 6/(-4) - 42/(-12). Suppose j*o - 1 = 5. Let d(h) = h**2 - 2*h - 2. What is d(o)?
1
Let t = 2 - -1. Let h(w) = 2*w - 2*w**2 - 3*w**t + 11*w**3 + w**3 - 1. Calculate h(1).
8
Let y(j) be the third derivative of -j**4/24 - j**3/6 + 10*j**2. Determine y(4).
-5
Let y(b) = b. Let k(g) = 5*g. Let x be k(1). Suppose x = 3*d + 2*d. Give y(d).
1
Let z(s) = -3. Let u(w) = w**2 - w + 4. Let b(c) = -2*u(c) - 3*z(c). Determine b(-2).
-11
Let g = 94 + -91. Let p(l) = -2*l**3 + 5*l**2 - 2*l. Determine p(g).
-15
Let c = -7 + 11. Suppose 14 = -a - c*v, 4*a + 3*v + 0*v = -4. Let m(s) = -8 - 2*s**2 + a*s**2 - s**2. What is m(0)?
-8
Let a(k) = -k - 1. Let v(o) = 8*o + 9. Let z(g) = -6*a(g) - v(g). Let w = 6 - 1. Suppose -16 = w*y - 6. Give z(y).
1
Let j(x) = x**2 - 4*x. Suppose -59*a - 54 = -68*a. Determine j(a).
12
Let i(a) be the first derivative of a**2 - 5*a - 2. Let c be 98/12 + (-3)/18. Suppose c - 4 = k. What is i(k)?
3
Let d(x) be the third derivative of x**4/24 - 5*x**3/6 + 20*x**2. Let a = -1 - -1. Calculate d(a).
-5
Let d be -4 + 2 + (-4)/(-2). Let k(w) = -w + w + w + d*w. What is k(2)?
2
Suppose -3*v = v - 8. Let d(u) = u**2 + 8*u + 6. Let n be d(-5). Let g(k) = 20*k + 5. Let l(p) = -5*p - 1. Let y(w) = n*l(w) - 2*g(w). Determine y(v).
9
Let k(n) = -9*n - 5. Let q(v) = -3*v - 2. Let t(x) = -3*k(x) + 8*q(x). Let l be ((-1)/(-1)*(-3 + 4))/1. Calculate t(l).
2
Let s(y) = y**2 + 10*y + 2. Let n be s(-10). Suppose 0 = n*o - 4. Let k(d) = d**3 - d**2 - d - 1. Give k(o).
1
Let b be 1/(15/9) + (-16)/(-40). Let s(c) = 3*c + 13. Let m(d) = d + 3. Let h(r) = -9*m(r) + 2*s(r). Calculate h(b).
-4
Let u = -104 + 209/2. Let h(p) be the first derivative of p - u*p**2 + 4 + p**3. What is h(1)?
3
Let c(m) = m + 1. Let s(b) = -b - 7. Let t be s(-7). Suppose 0 = -3*l - x - t*x - 13, l = 2*x - 9. What is c(l)?
-4
Let c(a) = a**3 - 6*a**2 + 3*a + 6. Let s = -10 - -10. Suppose -2*m + 31 + 19 = s. Suppose -4*r - r = -m. What is c(r)?
-4
Let m be ((-8)/6)/((-2)/3). Let v be (6/4 - 2)*m. Let p(f) = -4*f + 5. Let i(o) = -7*o + 9. Let u(t) = -6*i(t) + 11*p(t). Determine u(v).
3
Let k(v) = -6*v**3 - 5*v**2 - 4 + 5*v**3 + 5*v + 3. Give k(-6).
5
Let p(d) = d**3 - d**2 - 2. Let m = -50 + 50. What is p(m)?
-2
Let p(r) be the third derivative of -r**6/120 + r**5/15 - r**3/2 - 18*r**2. Let j = -1 + 4. Determine p(j).
6
Let o(q) = -q**3 + 8*q**2 + 4*q + 1. Let w(b) = -b**3 + 7*b**2 + 5*b + 1. Let k(t) = -2*o(t) + 3*w(t). Suppose 0*r - r + 6 = 0. Give k(r).
7
Let x(h) be the first derivative of 3*h**2/2 + 3*h - 2. Suppose 28 = 3*c + 22. Suppose 14 = -4*u - c. Determine x(u).
-9
Suppose 5*n + 13 = -2. Let g(f) = 3 + 0*f**2 + f**2 - 2*f**2 - 2*f. Give g(n).
0
Suppose 6 = 2*b - 0. Let v(z) = -z**b + 3 - 6*z - 7*z**2 - z - 11. What is v(-6)?
-2
Let v(d) be the third derivative of d**6/120 + d**5/10 - d**4/3 - 5*d**3/3 + 13*d**2. What is v(-7)?
-3
Let q(u) = 4*u**3 - u. Let n(m) = m. Let b(i) = 2*n(i) + q(i). Give b(1).
5
Let f(i) = -2*i + 5. Let s(b) = b**2 + 6*b - 2. Let t be s(-7). Calculate f(t).
-5
Let s be 1 + 0 + -1 - 1. Let x = 0 - s. Let a(b) = -6*b - 1. Calculate a(x).
-7
Let f(h) = h + 7. Suppose 3 = -0*u - u - 3*g, -5 = -5*u + 5*g. Let m be f(u). Let b(p) = 2*p - 9. What is b(m)?
5
Let j(t) = -t**3 - t. Let n(m) = 4*m**3 - 2*m**2 + 7*m - 3. Let y(k) = 5*j(k) + n(k). Let c(q) = -q**2 + 2*q + 5. Let f be c(4). Give y(f).
0
Let w(h) = -1 - 2*h**2 + h + 0*h**3 + 0*h**3 - 2*h**3. Let v be w(-2). Let p(m) = m. Give p(v).
5
Let u(i) = -4*i + 2*i + 1 + 3 + i. Calculate u(7).
-3
Let k(m) be the second derivative of -m**4/12 - m**3 + m**2/2 - 2*m. Give k(-5).
6
Let v(s) = -s - 2. Let y = -24 + 19. Calculate v(y).
3
Let x(w) be the third derivative of w**6/10 - w**5/60 + w**4/24 - w**3/6 + w**2. What is x(1)?
11
Let h be ((-6)/4)/((-3)/(-12)). Let n = -11 - h. Let l(m) = -m**3 - 6*m**2 - 5*m - 2. Calculate l(n).
-2
Suppose 0 = 4*d, 2*d - 4 + 2 = -m. Let h(u) = 6 - 1 + 5*u + 0*u - 8. Determine h(m).
7
Suppose -2*v = 16 - 26. Let b(o) = o**2 - 5*o - 2. What is b(v)?
-2
Suppose 2*u + 0 = 6. Let c(w) = -3*w - 4. Determine c(u).
-13
Let i be (-6)/(-2*2/4). Let b = 5 - i. Let a(k) be the second derivative of k**5/20 + k**3/6 + k**2/2 - 2*k. What is a(b)?
-1
Let a = -5 - -6. Let o be (-1)/2*(a + -1). Let h(u) = u**2 - 7. What is h(o)?
-7
Let a(k) = 2*k**2 + 6 + 5*k - 2*k**2 - k**2. Let x = -20 + 5. Let h = -10 - x. What is a(h)?
6
Suppose -j = -4*t - 17, -t - 4*t = 3*j + 34. Let z(i) = i**3 + 3*i**2 - i - 4. Give z(j).
-1
Let j be (-2 + 0)/((-6)/12). Suppose m = 2*m - 1. Let u(z) = 2 + 2 + m - z + 0. Calculate u(j).
1
Let n = 64 + -68. Let o(l) = l**3 + 5*l**2 + 5*l + 2. Give o(n).
-2
Let z(b) = 5*b**3 - b**2 + b. Let h(o) = 2*o**2 - 7*o - 2*o**2 - o**2. Let p be h(-6). Let y be (3/9)/(2/p). Determine z(y).
5
Let r be (-1 + 13)/(4 + -2). Let i be 16/r + 2/6. Let k(l) = 4*l + 1 - 3*l + 2*l**2 - l**i + 3*l. What is k(3)?
4
Let f(q) = q**3 - 6*q**2 + 3*q - 4. Let v(i) = 2*i**2 - i - 10. Let l be v(3). Calculate f(l).
-14
Suppose -10*r - 12 = -13*r. Let x(q) = -5*q**2 + 4*q + 2. Let t(f) = f**2 + 1. Let d(u) = r*t(u) + x(u). Calculate d(5).
1
Let j(u) = 2 + 2*u**2 - u**2 - 3*u + u. Calculate j(3).
5
Let j(o) = 7*o**3 + o**2 + 5*o + 6. Let y(s) = -13*s**3 - s**2 - 9*s - 11. Let g(h) = -11*j(h) - 6*y(h). Let n = 49 + -44. Calculate g(n).
-5
Let t(m) = m**3 - 2*m**2 - 7*m + 2. Let v(j) = j**3 - 3*j**2 - 8*j + 2. Let a(y) = -6*t(y) + 5*v(y). Let o = 2 - 6. What is a(o)?
6
Suppose y + 3 = 3*z - 10, -2*z + 2*y + 14 = 0. Let s(d) = d**3 + 1 - d - 48*d**2 - 56*d**2 + 1 + 101*d**2. Give s(z).
-1
Suppose 0 = 3*t + 3*t - 24. Suppose 0*v + 4*v = 12. Suppose -t*z - 4 = v*i - 7, -z - 12 = 5*i. Let d(x) = x**2 + 3*x. Determine d(i).
0
Let w(t) = -t**3 - 3*t**2 - 3*t. Suppose 0 = 5*o - 2*k + 20, -o - 3*o = -k + 13. Give w(o).
2
Suppose -3*j + 48 = -5*h - 42, 73 = -3*h - 2*j. Let u be (8/6)/(7/h). Let q(f) = -f**3 - 4*f**2 - f - 4. Calculate q(u).
0
Let o(h) be the second derivative of h**5/20 + h**4/12 + h**3/6 + 3*h**2 + 4*h. Let m be o(0). Let u(c) = -m + 11 - 6 - 8*c. Calculate u(-1).
7
Suppose -4*t = -3*k - 3, -3*k = -0*t + 5*t - 24. Let q(f) = -8*f**2 + 1 - 2*f + 9*f**2 + f + 3*f**k. Calculate q(1).
4
Let v(x) = -x**2 - 5*x + 7. Let f be v(-6). Let o = 3 - f. Let m(c) = -1 - c**2 + 2*c**o + 2*c - 4*c. Give m(-1).
2
Let v(o) be the second derivative of 7*o**4/6 + o**3/3 + o**2/2 - 3*o. Suppose -2*m + 3 - 5 = 0. Determine v(m).
13
Let n(p) = p**3 + 5*p**2 - 5*p + 6. Let a be n(-6). Let u(o) = -o**2 - 12. What is u(a)?
-12
Let f(t) = -t**3 - 2*t**2 - 3. Let l = -2 + 2. Suppose -6 = -3*w - l. Let z(m) = -m**3 + m**2 + 2*m - 3. Let r be z(w). Determine f(r).
6
Let g(c) = -6 + 6*c**2 - 8*c**2 + 7*c + c**2. Let q = -5 + 11. Determine g(q).
0
Suppose 0 = -3*d - 15, -2*d - 3*d - 20 = w. Suppose 2 = 4*h - w*h. Let t(u) = -4*u + 2. Determine t(h).
10
Suppose -x = -2*x - 4. Let v be 0 + 1 + x + 1. Let j(c) = c**2 + 2*c + 1. What is j(v)?
1
Let u(g) be the third derivative of g**6/360 - 7*g**5/120 + g**3/2 - 2*g**2. Let c(h) be the first derivative of u(h). Calculate c(5